{"id":7196,"date":"2026-02-22T21:01:03","date_gmt":"2026-02-22T21:01:03","guid":{"rendered":"https:\/\/site.satelit.digital\/home\/?page_id=7196"},"modified":"2026-02-26T19:42:34","modified_gmt":"2026-02-26T19:42:34","slug":"contato","status":"publish","type":"page","link":"https:\/\/site.satelit.digital\/home\/contato\/","title":{"rendered":"CONTATO"},"content":{"rendered":"\t\t<div data-elementor-type=\"wp-page\" data-elementor-id=\"7196\" class=\"elementor elementor-7196\" data-elementor-post-type=\"page\">\n\t\t\t\t<div class=\"elementor-element elementor-element-7cf9797f e-flex e-con-boxed e-con e-parent\" data-id=\"7cf9797f\" data-element_type=\"container\" data-e-type=\"container\">\n\t\t\t\t\t<div class=\"e-con-inner\">\n\t\t<div class=\"elementor-element elementor-element-66e374b2 e-con-full e-flex elementor-invisible e-con e-child\" data-id=\"66e374b2\" data-element_type=\"container\" data-e-type=\"container\" data-settings=\"{&quot;animation&quot;:&quot;fadeInLeft&quot;}\">\n\t\t\t\t<div class=\"elementor-element elementor-element-580580d9 elementor-widget elementor-widget-heading\" data-id=\"580580d9\" data-element_type=\"widget\" data-e-type=\"widget\" data-widget_type=\"heading.default\">\n\t\t\t\t\t<h6 class=\"elementor-heading-title elementor-size-default\">Fale Conosco<\/h6>\t\t\t\t<\/div>\n\t\t\t\t<div class=\"elementor-element elementor-element-a6a3627 elementor-widget elementor-widget-heading\" data-id=\"a6a3627\" data-element_type=\"widget\" data-e-type=\"widget\" data-widget_type=\"heading.default\">\n\t\t\t\t\t<h2 class=\"elementor-heading-title elementor-size-default\">Sua Conex\u00e3o Direta com a Satelit\n<\/h2>\t\t\t\t<\/div>\n\t\t\t\t<div class=\"elementor-element elementor-element-15f75ed0 elementor-widget elementor-widget-heading\" data-id=\"15f75ed0\" data-element_type=\"widget\" data-e-type=\"widget\" data-widget_type=\"heading.default\">\n\t\t\t\t\t<div class=\"elementor-heading-title elementor-size-default\">Precisa de um or\u00e7amento? Quer tirar uma d\u00favida t\u00e9cnica? Deseja saber mais sobre como a Satelit pode impulsionar seu laborat\u00f3rio? <br> <br> Nossa equipe de especialistas est\u00e1 \u00e0 sua disposi\u00e7\u00e3o para oferecer o suporte e as solu\u00e7\u00f5es que voc\u00ea busca.<\/div>\t\t\t\t<\/div>\n\t\t\t\t<div class=\"elementor-element elementor-element-723b9fdf elementor-view-stacked elementor-position-inline-start elementor-mobile-position-inline-start elementor-shape-circle elementor-widget elementor-widget-icon-box\" data-id=\"723b9fdf\" data-element_type=\"widget\" data-e-type=\"widget\" data-widget_type=\"icon-box.default\">\n\t\t\t\t\t\t\t<div class=\"elementor-icon-box-wrapper\">\n\n\t\t\t\t\t\t<div class=\"elementor-icon-box-icon\">\n\t\t\t\t<a href=\"https:\/\/maps.app.goo.gl\/8YRLptFNjws9rxyu8\" class=\"elementor-icon\" tabindex=\"-1\" aria-label=\"Localiza\u00e7\u00e3o\">\n\t\t\t\t<i aria-hidden=\"true\" class=\" ti-location-pin\"><\/i>\t\t\t\t<\/a>\n\t\t\t<\/div>\n\t\t\t\n\t\t\t\t\t\t<div class=\"elementor-icon-box-content\">\n\n\t\t\t\t\t\t\t\t\t<div class=\"elementor-icon-box-title\">\n\t\t\t\t\t\t<a href=\"https:\/\/maps.app.goo.gl\/8YRLptFNjws9rxyu8\" >\n\t\t\t\t\t\t\tLocaliza\u00e7\u00e3o\t\t\t\t\t\t<\/a>\n\t\t\t\t\t<\/div>\n\t\t\t\t\n\t\t\t\t\t\t\t\t\t<p class=\"elementor-icon-box-description\">\n\t\t\t\t\t\tRua Bol\u00edvia, 918 - Vila Mariana <br>\nRibeir\u00e3o Preto\/SP - CEP 14075-250\t\t\t\t\t<\/p>\n\t\t\t\t\n\t\t\t<\/div>\n\t\t\t\n\t\t<\/div>\n\t\t\t\t\t\t<\/div>\n\t\t\t\t<div class=\"elementor-element elementor-element-61c88fef elementor-view-stacked elementor-position-inline-start elementor-mobile-position-inline-start elementor-shape-circle elementor-widget elementor-widget-icon-box\" data-id=\"61c88fef\" data-element_type=\"widget\" data-e-type=\"widget\" data-widget_type=\"icon-box.default\">\n\t\t\t\t\t\t\t<div class=\"elementor-icon-box-wrapper\">\n\n\t\t\t\t\t\t<div class=\"elementor-icon-box-icon\">\n\t\t\t\t<a href=\"mailto:contato@satelit.com.br\" class=\"elementor-icon\" tabindex=\"-1\" aria-label=\"E-mail\">\n\t\t\t\t<i aria-hidden=\"true\" class=\"icon icon-email\"><\/i>\t\t\t\t<\/a>\n\t\t\t<\/div>\n\t\t\t\n\t\t\t\t\t\t<div class=\"elementor-icon-box-content\">\n\n\t\t\t\t\t\t\t\t\t<div class=\"elementor-icon-box-title\">\n\t\t\t\t\t\t<a href=\"mailto:contato@satelit.com.br\" >\n\t\t\t\t\t\t\tE-mail\t\t\t\t\t\t<\/a>\n\t\t\t\t\t<\/div>\n\t\t\t\t\n\t\t\t\t\t\t\t\t\t<p class=\"elementor-icon-box-description\">\n\t\t\t\t\t\tcontato@satelit.com.br\t\t\t\t\t<\/p>\n\t\t\t\t\n\t\t\t<\/div>\n\t\t\t\n\t\t<\/div>\n\t\t\t\t\t\t<\/div>\n\t\t\t\t<div class=\"elementor-element elementor-element-373a92e4 elementor-view-stacked elementor-position-inline-start elementor-mobile-position-inline-start elementor-shape-circle elementor-widget elementor-widget-icon-box\" data-id=\"373a92e4\" data-element_type=\"widget\" data-e-type=\"widget\" data-widget_type=\"icon-box.default\">\n\t\t\t\t\t\t\t<div class=\"elementor-icon-box-wrapper\">\n\n\t\t\t\t\t\t<div class=\"elementor-icon-box-icon\">\n\t\t\t\t<a href=\"http:\/\/wa.me\/5516988771481\" class=\"elementor-icon\" tabindex=\"-1\" aria-label=\"Vamos conversar?\">\n\t\t\t\t<i aria-hidden=\"true\" class=\"icon icon-whatsapp-2\"><\/i>\t\t\t\t<\/a>\n\t\t\t<\/div>\n\t\t\t\n\t\t\t\t\t\t<div class=\"elementor-icon-box-content\">\n\n\t\t\t\t\t\t\t\t\t<div class=\"elementor-icon-box-title\">\n\t\t\t\t\t\t<a href=\"http:\/\/wa.me\/5516988771481\" >\n\t\t\t\t\t\t\tVamos conversar?\t\t\t\t\t\t<\/a>\n\t\t\t\t\t<\/div>\n\t\t\t\t\n\t\t\t\t\t\t\t\t\t<p class=\"elementor-icon-box-description\">\n\t\t\t\t\t\tTelefone: (16) 4009-8100 <br>\nWhatsApp: (16) 98877-1481\t\t\t\t\t<\/p>\n\t\t\t\t\n\t\t\t<\/div>\n\t\t\t\n\t\t<\/div>\n\t\t\t\t\t\t<\/div>\n\t\t\t\t<\/div>\n\t\t<div class=\"elementor-element elementor-element-4b17516d e-con-full e-flex elementor-invisible e-con e-child\" data-id=\"4b17516d\" data-element_type=\"container\" data-e-type=\"container\" data-settings=\"{&quot;animation&quot;:&quot;fadeInLeft&quot;,&quot;animation_delay&quot;:200}\">\n\t\t\t\t<div class=\"elementor-element elementor-element-1f1fd161 elementor-widget elementor-widget-image\" data-id=\"1f1fd161\" data-element_type=\"widget\" data-e-type=\"widget\" data-widget_type=\"image.default\">\n\t\t\t\t\t\t\t\t\t\t\t\t\t\t\t<img fetchpriority=\"high\" decoding=\"async\" width=\"1280\" height=\"853\" src=\"https:\/\/site.satelit.digital\/wp-content\/uploads\/2025\/08\/Atendimento-Satelit-1.png\" class=\"attachment-full size-full wp-image-6647\" alt=\"atendimento satelit (1)\" srcset=\"https:\/\/site.satelit.digital\/wp-content\/uploads\/2025\/08\/Atendimento-Satelit-1.png 1280w, https:\/\/site.satelit.digital\/wp-content\/uploads\/2025\/08\/Atendimento-Satelit-1-300x200.png 300w, https:\/\/site.satelit.digital\/wp-content\/uploads\/2025\/08\/Atendimento-Satelit-1-1024x682.png 1024w, https:\/\/site.satelit.digital\/wp-content\/uploads\/2025\/08\/Atendimento-Satelit-1-768x512.png 768w, https:\/\/site.satelit.digital\/wp-content\/uploads\/2025\/08\/Atendimento-Satelit-1-600x400.png 600w\" sizes=\"(max-width: 1280px) 100vw, 1280px\" title=\"CONTATO\">\t\t\t\t\t\t\t\t\t\t\t\t\t\t\t<\/div>\n\t\t\t\t<\/div>\n\t\t<div class=\"elementor-element elementor-element-64d6f623 e-con-full e-flex elementor-invisible e-con e-child\" data-id=\"64d6f623\" data-element_type=\"container\" data-e-type=\"container\" data-settings=\"{&quot;background_background&quot;:&quot;classic&quot;,&quot;animation&quot;:&quot;fadeInRight&quot;,&quot;animation_delay&quot;:300}\">\n\t\t\t\t<div class=\"elementor-element elementor-element-49eb07e4 elementor-widget elementor-widget-heading\" data-id=\"49eb07e4\" data-element_type=\"widget\" data-e-type=\"widget\" data-widget_type=\"heading.default\">\n\t\t\t\t\t<h2 class=\"elementor-heading-title elementor-size-default\">Envie-nos uma Mensagem<\/h2>\t\t\t\t<\/div>\n\t\t\t\t<div class=\"elementor-element elementor-element-1327dcfc elementor-widget elementor-widget-heading\" data-id=\"1327dcfc\" data-element_type=\"widget\" data-e-type=\"widget\" data-widget_type=\"heading.default\">\n\t\t\t\t\t<div class=\"elementor-heading-title elementor-size-default\">Para um contato mais estruturado ou para nos enviar sua solicita\u00e7\u00e3o a qualquer momento, preencha nosso formul\u00e1rio abaixo. Nosso time entrar\u00e1 em contato o mais breve poss\u00edvel.<\/div>\t\t\t\t<\/div>\n\t\t\t\t<div class=\"elementor-element elementor-element-4ee1568f elementor-button-align-stretch elementor-widget elementor-widget-form\" data-id=\"4ee1568f\" data-element_type=\"widget\" data-e-type=\"widget\" data-settings=\"{&quot;step_next_label&quot;:&quot;Next&quot;,&quot;step_previous_label&quot;:&quot;Previous&quot;,&quot;button_width&quot;:&quot;100&quot;,&quot;step_type&quot;:&quot;number_text&quot;,&quot;step_icon_shape&quot;:&quot;circle&quot;}\" data-widget_type=\"form.default\">\n\t\t\t\t\t\t\t<form class=\"elementor-form\" method=\"post\" name=\"New Form\" aria-label=\"New Form\">\n\t\t\t<input type=\"hidden\" name=\"post_id\" value=\"7196\"\/>\n\t\t\t<input type=\"hidden\" name=\"form_id\" value=\"4ee1568f\"\/>\n\t\t\t<input type=\"hidden\" name=\"referer_title\" value=\"CONTATO - Satelit Produtos para Laborat\u00f3rios\" \/>\n\n\t\t\t\t\t\t\t<input type=\"hidden\" name=\"queried_id\" value=\"7196\"\/>\n\t\t\t\n\t\t\t<div class=\"elementor-form-fields-wrapper elementor-labels-above\">\n\t\t\t\t\t\t\t\t<div class=\"elementor-field-type-text elementor-field-group elementor-column elementor-field-group-name elementor-col-50 elementor-field-required\">\n\t\t\t\t\t\t\t\t\t\t\t\t<label for=\"form-field-name\" class=\"elementor-field-label\">\n\t\t\t\t\t\t\t\tNome\t\t\t\t\t\t\t<\/label>\n\t\t\t\t\t\t\t\t\t\t\t\t\t\t<input size=\"1\" type=\"text\" name=\"form_fields[name]\" id=\"form-field-name\" class=\"elementor-field elementor-size-sm  elementor-field-textual\" placeholder=\"Nome\" required=\"required\">\n\t\t\t\t\t\t\t\t\t\t\t<\/div>\n\t\t\t\t\t\t\t\t<div class=\"elementor-field-type-text elementor-field-group elementor-column elementor-field-group-field_ce1c9c2 elementor-col-50\">\n\t\t\t\t\t\t\t\t\t\t\t\t<label for=\"form-field-field_ce1c9c2\" class=\"elementor-field-label\">\n\t\t\t\t\t\t\t\tEmpresa\t\t\t\t\t\t\t<\/label>\n\t\t\t\t\t\t\t\t\t\t\t\t\t\t<input size=\"1\" type=\"text\" name=\"form_fields[field_ce1c9c2]\" id=\"form-field-field_ce1c9c2\" class=\"elementor-field elementor-size-sm  elementor-field-textual\" placeholder=\"Empresa\">\n\t\t\t\t\t\t\t\t\t\t\t<\/div>\n\t\t\t\t\t\t\t\t<div class=\"elementor-field-type-email elementor-field-group elementor-column elementor-field-group-email elementor-col-100 elementor-field-required\">\n\t\t\t\t\t\t\t\t\t\t\t\t<label for=\"form-field-email\" class=\"elementor-field-label\">\n\t\t\t\t\t\t\t\tE-mail\t\t\t\t\t\t\t<\/label>\n\t\t\t\t\t\t\t\t\t\t\t\t\t\t<input size=\"1\" type=\"email\" name=\"form_fields[email]\" id=\"form-field-email\" class=\"elementor-field elementor-size-sm  elementor-field-textual\" placeholder=\"E-mail\" required=\"required\">\n\t\t\t\t\t\t\t\t\t\t\t<\/div>\n\t\t\t\t\t\t\t\t<div class=\"elementor-field-type-textarea elementor-field-group elementor-column elementor-field-group-message elementor-col-100\">\n\t\t\t\t\t\t\t\t\t\t\t\t<label for=\"form-field-message\" class=\"elementor-field-label\">\n\t\t\t\t\t\t\t\tMensagem\t\t\t\t\t\t\t<\/label>\n\t\t\t\t\t\t<textarea class=\"elementor-field-textual elementor-field  elementor-size-sm\" name=\"form_fields[message]\" id=\"form-field-message\" rows=\"4\" placeholder=\"Mensagem\"><\/textarea>\t\t\t\t<\/div>\n\t\t\t\t\t\t\t\t<div class=\"elementor-field-group elementor-column elementor-field-type-submit elementor-col-100 e-form__buttons\">\n\t\t\t\t\t<button class=\"elementor-button elementor-size-sm\" type=\"submit\">\n\t\t\t\t\t\t<span class=\"elementor-button-content-wrapper\">\n\t\t\t\t\t\t\t\t\t\t\t\t\t\t\t<span class=\"elementor-button-icon\">\n\t\t\t\t\t\t\t\t\t<i aria-hidden=\"true\" class=\"jki jki-send-line\"><\/i>\t\t\t\t\t\t\t\t\t\t\t\t\t\t\t\t\t<\/span>\n\t\t\t\t\t\t\t\t\t\t\t\t\t\t\t\t\t\t\t\t\t\t<span class=\"elementor-button-text\">ENVIAR<\/span>\n\t\t\t\t\t\t\t\t\t\t\t\t\t<\/span>\n\t\t\t\t\t<\/button>\n\t\t\t\t<\/div>\n\t\t\t<\/div>\n\t\t<\/form>\n\t\t\t\t\t\t<\/div>\n\t\t\t\t<\/div>\n\t\t\t\t\t<\/div>\n\t\t\t\t<\/div>\n\t\t<div class=\"elementor-element elementor-element-2045e5b e-flex e-con-boxed e-con e-parent\" data-id=\"2045e5b\" data-element_type=\"container\" data-e-type=\"container\">\n\t\t\t\t\t<div class=\"e-con-inner\">\n\t\t<div class=\"elementor-element elementor-element-e92316f e-con-full e-flex e-con e-child\" data-id=\"e92316f\" data-element_type=\"container\" data-e-type=\"container\">\n\t\t\t\t<div class=\"elementor-element elementor-element-ba6c66f elementor-widget elementor-widget-heading\" data-id=\"ba6c66f\" data-element_type=\"widget\" data-e-type=\"widget\" data-widget_type=\"heading.default\">\n\t\t\t\t\t<h2 class=\"elementor-heading-title elementor-size-default\">Encontre a Satelit com o Seu Celular <\/h2>\t\t\t\t<\/div>\n\t\t<div class=\"elementor-element elementor-element-cbbb453 e-con-full e-flex e-con e-child\" data-id=\"cbbb453\" data-element_type=\"container\" data-e-type=\"container\">\n\t\t<div class=\"elementor-element elementor-element-d66d734 e-grid e-con-full e-con e-child\" data-id=\"d66d734\" data-element_type=\"container\" data-e-type=\"container\">\n\t\t\t\t<div class=\"elementor-element elementor-element-0c36ca2 elementor-position-top elementor-widget elementor-widget-image-box\" data-id=\"0c36ca2\" data-element_type=\"widget\" data-e-type=\"widget\" data-widget_type=\"image-box.default\">\n\t\t\t\t\t<div class=\"elementor-image-box-wrapper\"><figure class=\"elementor-image-box-img\"><a href=\"https:\/\/www.facebook.com\/satelit.com.br\/\" tabindex=\"-1\"><img decoding=\"async\" width=\"500\" height=\"500\" src=\"https:\/\/site.satelit.digital\/wp-content\/uploads\/2025\/08\/Facebook.png\" class=\"attachment-full size-full wp-image-6666\" alt=\"facebook\" srcset=\"https:\/\/site.satelit.digital\/wp-content\/uploads\/2025\/08\/Facebook.png 500w, https:\/\/site.satelit.digital\/wp-content\/uploads\/2025\/08\/Facebook-300x300.png 300w, https:\/\/site.satelit.digital\/wp-content\/uploads\/2025\/08\/Facebook-150x150.png 150w, https:\/\/site.satelit.digital\/wp-content\/uploads\/2025\/08\/Facebook-100x100.png 100w\" sizes=\"(max-width: 500px) 100vw, 500px\" title=\"CONTATO\"><\/a><\/figure><div class=\"elementor-image-box-content\"><p class=\"elementor-image-box-description\">Facebook<\/p><\/div><\/div>\t\t\t\t<\/div>\n\t\t\t\t<div class=\"elementor-element elementor-element-7a47074 elementor-position-top elementor-widget elementor-widget-image-box\" data-id=\"7a47074\" data-element_type=\"widget\" data-e-type=\"widget\" data-widget_type=\"image-box.default\">\n\t\t\t\t\t<div class=\"elementor-image-box-wrapper\"><figure class=\"elementor-image-box-img\"><a href=\"https:\/\/www.instagram.com\/satelit_lab\/\" tabindex=\"-1\"><img decoding=\"async\" width=\"500\" height=\"500\" src=\"https:\/\/site.satelit.digital\/wp-content\/uploads\/2026\/02\/Instagram-Satelit.png\" class=\"attachment-full size-full wp-image-9036\" alt=\"instagram satelit\" srcset=\"https:\/\/site.satelit.digital\/wp-content\/uploads\/2026\/02\/Instagram-Satelit.png 500w, https:\/\/site.satelit.digital\/wp-content\/uploads\/2026\/02\/Instagram-Satelit-300x300.png 300w, https:\/\/site.satelit.digital\/wp-content\/uploads\/2026\/02\/Instagram-Satelit-150x150.png 150w, https:\/\/site.satelit.digital\/wp-content\/uploads\/2026\/02\/Instagram-Satelit-100x100.png 100w\" sizes=\"(max-width: 500px) 100vw, 500px\" title=\"CONTATO\"><\/a><\/figure><div class=\"elementor-image-box-content\"><p class=\"elementor-image-box-description\">Instagram<\/p><\/div><\/div>\t\t\t\t<\/div>\n\t\t\t\t<div class=\"elementor-element elementor-element-5237a64 elementor-position-top elementor-widget elementor-widget-image-box\" data-id=\"5237a64\" data-element_type=\"widget\" data-e-type=\"widget\" data-widget_type=\"image-box.default\">\n\t\t\t\t\t<div class=\"elementor-image-box-wrapper\"><figure class=\"elementor-image-box-img\"><a href=\"http:\/\/wa.me\/5516988771481\" tabindex=\"-1\"><img loading=\"lazy\" decoding=\"async\" width=\"500\" height=\"500\" src=\"https:\/\/site.satelit.digital\/wp-content\/uploads\/2025\/08\/WhatsApp.png\" class=\"attachment-full size-full wp-image-6664\" alt=\"whatsapp\" srcset=\"https:\/\/site.satelit.digital\/wp-content\/uploads\/2025\/08\/WhatsApp.png 500w, https:\/\/site.satelit.digital\/wp-content\/uploads\/2025\/08\/WhatsApp-300x300.png 300w, https:\/\/site.satelit.digital\/wp-content\/uploads\/2025\/08\/WhatsApp-150x150.png 150w, https:\/\/site.satelit.digital\/wp-content\/uploads\/2025\/08\/WhatsApp-100x100.png 100w\" sizes=\"(max-width: 500px) 100vw, 500px\" title=\"CONTATO\"><\/a><\/figure><div class=\"elementor-image-box-content\"><p class=\"elementor-image-box-description\">WhatsApp<\/p><\/div><\/div>\t\t\t\t<\/div>\n\t\t\t\t<div class=\"elementor-element elementor-element-d53c4bf elementor-position-top elementor-widget elementor-widget-image-box\" data-id=\"d53c4bf\" data-element_type=\"widget\" data-e-type=\"widget\" data-widget_type=\"image-box.default\">\n\t\t\t\t\t<div class=\"elementor-image-box-wrapper\"><figure class=\"elementor-image-box-img\"><a href=\"https:\/\/www.youtube.com\/@Satelit_Lab\" tabindex=\"-1\"><img loading=\"lazy\" decoding=\"async\" width=\"500\" height=\"500\" src=\"https:\/\/site.satelit.digital\/wp-content\/uploads\/2025\/09\/Youtube.png\" class=\"attachment-full size-full wp-image-6826\" alt=\"youtube\" srcset=\"https:\/\/site.satelit.digital\/wp-content\/uploads\/2025\/09\/Youtube.png 500w, https:\/\/site.satelit.digital\/wp-content\/uploads\/2025\/09\/Youtube-300x300.png 300w, https:\/\/site.satelit.digital\/wp-content\/uploads\/2025\/09\/Youtube-150x150.png 150w, https:\/\/site.satelit.digital\/wp-content\/uploads\/2025\/09\/Youtube-100x100.png 100w\" sizes=\"(max-width: 500px) 100vw, 500px\" title=\"CONTATO\"><\/a><\/figure><div class=\"elementor-image-box-content\"><p class=\"elementor-image-box-description\">YouTube<\/p><\/div><\/div>\t\t\t\t<\/div>\n\t\t\t\t<\/div>\n\t\t\t\t<\/div>\n\t\t\t\t<\/div>\n\t\t\t\t\t<\/div>\n\t\t\t\t<\/div>\n\t\t<div class=\"elementor-element elementor-element-30fdf078 e-con-full e-flex elementor-invisible e-con e-parent\" data-id=\"30fdf078\" data-element_type=\"container\" data-e-type=\"container\" data-settings=\"{&quot;animation&quot;:&quot;fadeIn&quot;,&quot;animation_delay&quot;:200}\">\n\t\t\t\t<div class=\"elementor-element elementor-element-7b00b332 elementor-widget elementor-widget-google_maps\" data-id=\"7b00b332\" data-element_type=\"widget\" data-e-type=\"widget\" data-widget_type=\"google_maps.default\">\n\t\t\t\t\t\t\t<div class=\"elementor-custom-embed\">\n\t\t\t<iframe loading=\"lazy\"\n\t\t\t\t\tsrc=\"https:\/\/maps.google.com\/maps?q=SATELIT%20PRODUT&#038;t=m&#038;z=10&#038;output=embed&#038;iwloc=near\"\n\t\t\t\t\ttitle=\"SATELIT PRODUT\"\n\t\t\t\t\taria-label=\"SATELIT PRODUT\"\n\t\t\t><\/iframe>\n\t\t<\/div>\n\t\t\t\t\t\t<\/div>\n\t\t\t\t<\/div>\n\t\t\t\t<\/div>\n\t\t","protected":false},"excerpt":{"rendered":"<p>Fale Conosco Sua Conex\u00e3o Direta com a Satelit Precisa de um or\u00e7amento? Quer tirar uma d\u00favida t\u00e9cnica? Deseja saber mais sobre como a Satelit pode impulsionar seu laborat\u00f3rio? Nossa equipe de especialistas est\u00e1 \u00e0 sua disposi\u00e7\u00e3o para oferecer o suporte e as solu\u00e7\u00f5es que voc\u00ea busca. Localiza\u00e7\u00e3o Rua Bol\u00edvia, 918 &#8211; Vila Mariana Ribeir\u00e3o Preto\/SP [&hellip;]<\/p>\n","protected":false},"author":1,"featured_media":0,"parent":0,"menu_order":0,"comment_status":"closed","ping_status":"closed","template":"elementor_header_footer","meta":{"_surecart_dashboard_logo_width":"180px","_surecart_dashboard_show_logo":true,"_surecart_dashboard_navigation_orders":true,"_surecart_dashboard_navigation_invoices":true,"_surecart_dashboard_navigation_subscriptions":true,"_surecart_dashboard_navigation_downloads":true,"_surecart_dashboard_navigation_billing":true,"_surecart_dashboard_navigation_account":true,"_uag_custom_page_level_css":"","site-sidebar-layout":"no-sidebar","site-content-layout":"page-builder","ast-site-content-layout":"full-width-container","site-content-style":"default","site-sidebar-style":"default","ast-global-header-display":"","ast-banner-title-visibility":"","ast-main-header-display":"","ast-hfb-above-header-display":"","ast-hfb-below-header-display":"","ast-hfb-mobile-header-display":"","site-post-title":"","ast-breadcrumbs-content":"","ast-featured-img":"disabled","footer-sml-layout":"","ast-disable-related-posts":"","theme-transparent-header-meta":"","adv-header-id-meta":"","stick-header-meta":"","header-above-stick-meta":"","header-main-stick-meta":"","header-below-stick-meta":"","astra-migrate-meta-layouts":"set","ast-page-background-enabled":"default","ast-page-background-meta":{"desktop":{"background-color":"","background-image":"","background-repeat":"repeat","background-position":"center center","background-size":"auto","background-attachment":"scroll","background-type":"","background-media":"","overlay-type":"","overlay-color":"","overlay-opacity":"","overlay-gradient":""},"tablet":{"background-color":"","background-image":"","background-repeat":"repeat","background-position":"center center","background-size":"auto","background-attachment":"scroll","background-type":"","background-media":"","overlay-type":"","overlay-color":"","overlay-opacity":"","overlay-gradient":""},"mobile":{"background-color":"","background-image":"","background-repeat":"repeat","background-position":"center center","background-size":"auto","background-attachment":"scroll","background-type":"","background-media":"","overlay-type":"","overlay-color":"","overlay-opacity":"","overlay-gradient":""}},"ast-content-background-meta":{"desktop":{"background-color":"var(--ast-global-color-5)","background-image":"","background-repeat":"repeat","background-position":"center center","background-size":"auto","background-attachment":"scroll","background-type":"","background-media":"","overlay-type":"","overlay-color":"","overlay-opacity":"","overlay-gradient":""},"tablet":{"background-color":"var(--ast-global-color-5)","background-image":"","background-repeat":"repeat","background-position":"center center","background-size":"auto","background-attachment":"scroll","background-type":"","background-media":"","overlay-type":"","overlay-color":"","overlay-opacity":"","overlay-gradient":""},"mobile":{"background-color":"var(--ast-global-color-5)","background-image":"","background-repeat":"repeat","background-position":"center center","background-size":"auto","background-attachment":"scroll","background-type":"","background-media":"","overlay-type":"","overlay-color":"","overlay-opacity":"","overlay-gradient":""}},"footnotes":""},"class_list":["post-7196","page","type-page","status-publish","hentry"],"uagb_featured_image_src":{"full":false,"thumbnail":false,"medium":false,"medium_large":false,"large":false,"1536x1536":false,"2048x2048":false,"woocommerce_thumbnail":false,"woocommerce_single":false,"woocommerce_gallery_thumbnail":false},"uagb_author_info":{"display_name":"Mirian Daniel","author_link":"https:\/\/site.satelit.digital\/home\/author\/marketingsatelit-com-br\/"},"uagb_comment_info":0,"uagb_excerpt":"Fale Conosco Sua Conex\u00e3o Direta com a Satelit Precisa de um or\u00e7amento? Quer tirar uma d\u00favida t\u00e9cnica? Deseja saber mais sobre como a Satelit pode impulsionar seu laborat\u00f3rio? Nossa equipe de especialistas est\u00e1 \u00e0 sua disposi\u00e7\u00e3o para oferecer o suporte e as solu\u00e7\u00f5es que voc\u00ea busca. Localiza\u00e7\u00e3o Rua Bol\u00edvia, 918 &#8211; Vila Mariana Ribeir\u00e3o Preto\/SP&hellip;","_links":{"self":[{"href":"https:\/\/site.satelit.digital\/home\/wp-json\/wp\/v2\/pages\/7196","targetHints":{"allow":["GET"]}}],"collection":[{"href":"https:\/\/site.satelit.digital\/home\/wp-json\/wp\/v2\/pages"}],"about":[{"href":"https:\/\/site.satelit.digital\/home\/wp-json\/wp\/v2\/types\/page"}],"author":[{"embeddable":true,"href":"https:\/\/site.satelit.digital\/home\/wp-json\/wp\/v2\/users\/1"}],"replies":[{"embeddable":true,"href":"https:\/\/site.satelit.digital\/home\/wp-json\/wp\/v2\/comments?post=7196"}],"version-history":[{"count":13,"href":"https:\/\/site.satelit.digital\/home\/wp-json\/wp\/v2\/pages\/7196\/revisions"}],"predecessor-version":[{"id":9039,"href":"https:\/\/site.satelit.digital\/home\/wp-json\/wp\/v2\/pages\/7196\/revisions\/9039"}],"wp:attachment":[{"href":"https:\/\/site.satelit.digital\/home\/wp-json\/wp\/v2\/media?parent=7196"}],"curies":[{"name":"wp","href":"https:\/\/api.w.org\/{rel}","templated":true}]}}